{"id":477,"date":"2016-03-07T22:17:21","date_gmt":"2016-03-07T22:17:21","guid":{"rendered":"http:\/\/mein-camino.de\/?page_id=477"},"modified":"2016-03-07T22:17:21","modified_gmt":"2016-03-07T22:17:21","slug":"anreise-2013","status":"publish","type":"page","link":"http:\/\/www.mein-camino.de\/?page_id=477","title":{"rendered":"Anreise 2013"},"content":{"rendered":"<p>2013 war die Anreise und auch die Abreise recht kompliziert, aber ich habe mit viel Gl\u00fcck und Schwei\u00df auch das gemeister.<\/p>\n<p>Dieses mal bin ich von Frankfurt (11:30 Uhr) nach Bilbao (13:35 Uhr) geflogen und das mit einem Direktflug von der <a href=\"http:\/\/www.lufthansa.de\" target=\"_blank\">Lufthansa<\/a>.<\/p>\n<p>Normalerweise wollte ich den Bus nehmen um zum Zentralen Omnibusbahnhof (ZOB) in Bilbao zu gelangen. Da mein Flug aber eine Versp\u00e4tung hatte und mein Bus schon um 14:15 Uhr fahren sollte habe ich mich f\u00fcr ein Taxi entschieden. Der n\u00e4chste Bus sollte erst um 18:30 Uhr fahren. Und genau an dieser Stelle habe ich mein Gl\u00fcck f\u00fcr die Tour schon aufgebraucht. Die Stadt war so extrem \u00fcberf\u00fcllt, da\u00df ich erst um 14:45 Uhr am ZOB angekommen bin. Aber da die Busse ja auch durch den Stau fahren m\u00fcssen und der Taxifahrer andere Wege nutzen konnte habe ich den Bus erwischt als er die T\u00fcren geschlossen hat und gerade den Gang einlegen wollte. Puh war ich da Gl\u00fccklich. Also, nehmt euch mindestens 1,5 Stunden Zeit von der Landung bis zum ZOB. Mit Versp\u00e4tung ging es dann los nach Irun (16:45 Uhr). An diesem Teil der Reise hat sich nichts ge\u00e4ndert. Wieder mit <a href=\"http:\/\/www.alsa.es\" target=\"_blank\">Alsa<\/a> nach Irun. Auch dieses mal wieder gebucht \u00fcber <a href=\"http:\/\/www.movelia.es\/de\/index.html\" target=\"_blank\">Movelia<\/a>. Man muss mit dem Bus an die Endstation fahren, dann ist man in Hendaye, das ist Irun nur auf der franz\u00f6sischen Seite. Von da geht man dann nicht mal 5 min bis zum Bahnhof. Von Hendaye (17:25 Uhr) bin ich dann nach Bayonne (18:00 Uhr) gefahren um von Bayonne (18:07 Uhr) nach Saint Jean Pied de Port (19:33 Uhr) zu fahren.<\/p>\n<p>Zur R\u00fcckreise nur eben schnelle ein paar Worte. Von Santiago de Compostela (23:15 Uhr) bin ich dann wieder mal mit einem Bus von <a href=\"http:\/\/www.alsa.es\" target=\"_blank\">Alsa<\/a> nach Bilbao (08:45 Uhr) gefahren. Denn von Bilbao (14:25 Uhr) ging mein Flug mit <a href=\"http:\/\/www.lufthansa.de\" target=\"_blank\">Lufthansa<\/a> zur\u00fcck nach Frankfurt (16:35 Uhr)<\/p>\n","protected":false},"excerpt":{"rendered":"<p>2013 war die Anreise und auch die Abreise recht kompliziert, aber ich habe mit viel Gl\u00fcck und Schwei\u00df auch das gemeister. Dieses mal bin ich von Frankfurt (11:30 Uhr) nach Bilbao (13:35 Uhr) geflogen und das mit einem Direktflug von der Lufthansa. Normalerweise wollte ich den Bus nehmen um zum Zentralen Omnibusbahnhof (ZOB) in Bilbao &hellip; <a href=\"http:\/\/www.mein-camino.de\/?page_id=477\" class=\"more-link\"><span class=\"screen-reader-text\">Anreise 2013<\/span> weiterlesen <span class=\"meta-nav\">&rarr;<\/span><\/a><\/p>\n","protected":false},"author":1,"featured_media":0,"parent":0,"menu_order":0,"comment_status":"closed","ping_status":"closed","template":"","meta":{"jetpack_post_was_ever_published":false,"footnotes":""},"aioseo_notices":[],"jetpack_sharing_enabled":true,"jetpack_shortlink":"https:\/\/wp.me\/P7fL4A-7H","jetpack-related-posts":[],"_links":{"self":[{"href":"http:\/\/www.mein-camino.de\/index.php?rest_route=\/wp\/v2\/pages\/477"}],"collection":[{"href":"http:\/\/www.mein-camino.de\/index.php?rest_route=\/wp\/v2\/pages"}],"about":[{"href":"http:\/\/www.mein-camino.de\/index.php?rest_route=\/wp\/v2\/types\/page"}],"author":[{"embeddable":true,"href":"http:\/\/www.mein-camino.de\/index.php?rest_route=\/wp\/v2\/users\/1"}],"replies":[{"embeddable":true,"href":"http:\/\/www.mein-camino.de\/index.php?rest_route=%2Fwp%2Fv2%2Fcomments&post=477"}],"version-history":[{"count":0,"href":"http:\/\/www.mein-camino.de\/index.php?rest_route=\/wp\/v2\/pages\/477\/revisions"}],"wp:attachment":[{"href":"http:\/\/www.mein-camino.de\/index.php?rest_route=%2Fwp%2Fv2%2Fmedia&parent=477"}],"curies":[{"name":"wp","href":"https:\/\/api.w.org\/{rel}","templated":true}]}}