{"id":37,"date":"2016-02-18T00:58:34","date_gmt":"2016-02-18T00:58:34","guid":{"rendered":"http:\/\/mein-camino.de\/?page_id=37"},"modified":"2016-02-18T00:58:34","modified_gmt":"2016-02-18T00:58:34","slug":"appalachian-trail","status":"publish","type":"page","link":"http:\/\/www.mein-camino.de\/?page_id=37","title":{"rendered":"Appalachian Trail"},"content":{"rendered":"<p>Ich habe es endlich geschaft, ich habe 3 Monate Urlaub am St\u00fcck bekommen und kann ende Juni 2016 f\u00fcr 3 Monate, oder soll ich sagen f\u00fcr die ersten 1.600km, nach Amerika reisen. Das sch\u00f6ne ist, das ich daf\u00fcr nicht meinen Job k\u00fcndigen oder unbezahlten Urlaub nehmen muss.\u00a0Nach einem dreiviertel Jahr Hin und Her mit meinem Chef liegt ihm jetzt mein Urlaubsschein zur Unterschrift vor.<\/p>\n<p>Langsam beginnen auch die Vorbereitungen. Wobei ich sagen muss das die in meinem Kopf schon vor einem dreiviertel Jahr begonnen haben und ich so \u00fcberzeugt von dem Vorhaben war das ich in meinem letzten USA Urlaub schon ein Zelt und einen Rucksack gekauft habe. Aber das werde ich alles im Bereich &#8222;Vorbereitungen&#8220; und &#8222;Ausr\u00fcstung&#8220; beschreiben.<\/p>\n<p>Hier ist mein erstes Bild vom AT, das ich am 01.10.2015 bei meinem letztzen Urlaub aufgenommen habe.<br \/>\n<a href=\"http:\/\/mein-camino.de\/wp-content\/uploads\/2016\/02\/tmp_7426-IMG_3042-1925948882.jpg\" target=\"_blank\" rel=\"attachment wp-att-286\"><img loading=\"lazy\" decoding=\"async\" class=\"aligncenter wp-image-286 size-large\" src=\"http:\/\/mein-camino.de\/wp-content\/uploads\/2016\/02\/tmp_7426-IMG_3042-1925948882-1024x768.jpg\" alt=\"tmp_7426-IMG_3042-1925948882\" width=\"474\" height=\"356\" \/><\/a><\/p>\n","protected":false},"excerpt":{"rendered":"<p>Ich habe es endlich geschaft, ich habe 3 Monate Urlaub am St\u00fcck bekommen und kann ende Juni 2016 f\u00fcr 3 Monate, oder soll ich sagen f\u00fcr die ersten 1.600km, nach Amerika reisen. Das sch\u00f6ne ist, das ich daf\u00fcr nicht meinen Job k\u00fcndigen oder unbezahlten Urlaub nehmen muss.\u00a0Nach einem dreiviertel Jahr Hin und Her mit meinem &hellip; <a href=\"http:\/\/www.mein-camino.de\/?page_id=37\" class=\"more-link\"><span class=\"screen-reader-text\">Appalachian Trail<\/span> weiterlesen <span class=\"meta-nav\">&rarr;<\/span><\/a><\/p>\n","protected":false},"author":1,"featured_media":0,"parent":0,"menu_order":6,"comment_status":"closed","ping_status":"closed","template":"","meta":{"jetpack_post_was_ever_published":false,"footnotes":""},"aioseo_notices":[],"jetpack_sharing_enabled":true,"jetpack_shortlink":"https:\/\/wp.me\/P7fL4A-B","jetpack-related-posts":[],"_links":{"self":[{"href":"http:\/\/www.mein-camino.de\/index.php?rest_route=\/wp\/v2\/pages\/37"}],"collection":[{"href":"http:\/\/www.mein-camino.de\/index.php?rest_route=\/wp\/v2\/pages"}],"about":[{"href":"http:\/\/www.mein-camino.de\/index.php?rest_route=\/wp\/v2\/types\/page"}],"author":[{"embeddable":true,"href":"http:\/\/www.mein-camino.de\/index.php?rest_route=\/wp\/v2\/users\/1"}],"replies":[{"embeddable":true,"href":"http:\/\/www.mein-camino.de\/index.php?rest_route=%2Fwp%2Fv2%2Fcomments&post=37"}],"version-history":[{"count":0,"href":"http:\/\/www.mein-camino.de\/index.php?rest_route=\/wp\/v2\/pages\/37\/revisions"}],"wp:attachment":[{"href":"http:\/\/www.mein-camino.de\/index.php?rest_route=%2Fwp%2Fv2%2Fmedia&parent=37"}],"curies":[{"name":"wp","href":"https:\/\/api.w.org\/{rel}","templated":true}]}}