{"id":1066,"date":"2016-05-01T20:01:45","date_gmt":"2016-05-01T20:01:45","guid":{"rendered":"http:\/\/mein-camino.de\/?p=1066"},"modified":"2018-06-18T15:47:16","modified_gmt":"2018-06-18T15:47:16","slug":"edersee","status":"publish","type":"page","link":"http:\/\/www.mein-camino.de\/?page_id=1066","title":{"rendered":"Edersee"},"content":{"rendered":"<p>So, ich bin zur\u00fcck und habe viele Sachen an meiner Ausr\u00fcstung \u00fcberpr\u00fcft und gemerkt das ich mit meiner Ausr\u00fcstung gut zurecht komme. Das einzige Problem was ich hatte war mein GPS Ger\u00e4t. <!--more-->Das wollte meine Speicherkarte nicht mehr erkennen und daher konnte ich keine Wegaufzeichnung hochladen. Das hole ich jetzt nach. Die Bilder k\u00f6nnt ihr euch <a href=\"https:\/\/photos.app.goo.gl\/P4rQz7ka8fyTXoEQ9\" target=\"_blank\" rel=\"noopener\">hier<\/a> ansehen. Fazit: Der Weg auf der S\u00fcdseite ist sch\u00f6ner, die Wege sind schmaler und idyllischer. Auf der Nordseite sind viele breit ausgebaut, so wie freigegeben zum Befahren mit Fahrr\u00e4dern und Forstwirtschaftlichen Ger\u00e4ten.<\/p>\n<p><a href=\"http:\/\/www.gpsies.com\/map.do?fileId=puqwzousfosrveft\" target=\"_blank\" rel=\"noopener\"><img loading=\"lazy\" decoding=\"async\" data-attachment-id=\"1067\" data-permalink=\"http:\/\/www.mein-camino.de\/?attachment_id=1067\" data-orig-file=\"http:\/\/www.mein-camino.de\/wp-content\/uploads\/2016\/05\/Bild1.jpg\" data-orig-size=\"1349,642\" data-comments-opened=\"1\" data-image-meta=\"{&quot;aperture&quot;:&quot;0&quot;,&quot;credit&quot;:&quot;&quot;,&quot;camera&quot;:&quot;&quot;,&quot;caption&quot;:&quot;&quot;,&quot;created_timestamp&quot;:&quot;0&quot;,&quot;copyright&quot;:&quot;&quot;,&quot;focal_length&quot;:&quot;0&quot;,&quot;iso&quot;:&quot;0&quot;,&quot;shutter_speed&quot;:&quot;0&quot;,&quot;title&quot;:&quot;&quot;,&quot;orientation&quot;:&quot;0&quot;}\" data-image-title=\"Bild1\" data-image-description=\"\" data-image-caption=\"\" data-medium-file=\"http:\/\/www.mein-camino.de\/wp-content\/uploads\/2016\/05\/Bild1-300x143.jpg\" data-large-file=\"http:\/\/www.mein-camino.de\/wp-content\/uploads\/2016\/05\/Bild1-1024x487.jpg\" class=\"aligncenter wp-image-1067 size-medium\" src=\"http:\/\/mein-camino.de\/wp-content\/uploads\/2016\/05\/Bild1-300x143.jpg\" alt=\"Bild1\" width=\"300\" height=\"143\" srcset=\"http:\/\/www.mein-camino.de\/wp-content\/uploads\/2016\/05\/Bild1-300x143.jpg 300w, http:\/\/www.mein-camino.de\/wp-content\/uploads\/2016\/05\/Bild1-768x365.jpg 768w, http:\/\/www.mein-camino.de\/wp-content\/uploads\/2016\/05\/Bild1-1024x487.jpg 1024w, http:\/\/www.mein-camino.de\/wp-content\/uploads\/2016\/05\/Bild1.jpg 1349w\" sizes=\"(max-width: 300px) 100vw, 300px\" \/><\/a><\/p>\n<p><a href=\"http:\/\/www.gpsies.com\/map.do?fileId=blwpbggivgbofngh\" target=\"_blank\" rel=\"noopener\"><img loading=\"lazy\" decoding=\"async\" data-attachment-id=\"1068\" data-permalink=\"http:\/\/www.mein-camino.de\/?attachment_id=1068\" data-orig-file=\"http:\/\/www.mein-camino.de\/wp-content\/uploads\/2016\/05\/Bild2.jpg\" data-orig-size=\"1350,641\" data-comments-opened=\"1\" data-image-meta=\"{&quot;aperture&quot;:&quot;0&quot;,&quot;credit&quot;:&quot;&quot;,&quot;camera&quot;:&quot;&quot;,&quot;caption&quot;:&quot;&quot;,&quot;created_timestamp&quot;:&quot;0&quot;,&quot;copyright&quot;:&quot;&quot;,&quot;focal_length&quot;:&quot;0&quot;,&quot;iso&quot;:&quot;0&quot;,&quot;shutter_speed&quot;:&quot;0&quot;,&quot;title&quot;:&quot;&quot;,&quot;orientation&quot;:&quot;0&quot;}\" data-image-title=\"Bild2\" data-image-description=\"\" data-image-caption=\"\" data-medium-file=\"http:\/\/www.mein-camino.de\/wp-content\/uploads\/2016\/05\/Bild2-300x142.jpg\" data-large-file=\"http:\/\/www.mein-camino.de\/wp-content\/uploads\/2016\/05\/Bild2-1024x486.jpg\" class=\"aligncenter wp-image-1068 size-medium\" src=\"http:\/\/mein-camino.de\/wp-content\/uploads\/2016\/05\/Bild2-300x142.jpg\" alt=\"Bild2\" width=\"300\" height=\"142\" srcset=\"http:\/\/www.mein-camino.de\/wp-content\/uploads\/2016\/05\/Bild2-300x142.jpg 300w, http:\/\/www.mein-camino.de\/wp-content\/uploads\/2016\/05\/Bild2-768x365.jpg 768w, http:\/\/www.mein-camino.de\/wp-content\/uploads\/2016\/05\/Bild2-1024x486.jpg 1024w, http:\/\/www.mein-camino.de\/wp-content\/uploads\/2016\/05\/Bild2.jpg 1350w\" sizes=\"(max-width: 300px) 100vw, 300px\" \/><\/a><\/p>\n<p>&nbsp;<\/p>\n<p>&nbsp;<\/p>\n","protected":false},"excerpt":{"rendered":"<p>So, ich bin zur\u00fcck und habe viele Sachen an meiner Ausr\u00fcstung \u00fcberpr\u00fcft und gemerkt das ich mit meiner Ausr\u00fcstung gut zurecht komme. Das einzige Problem was ich hatte war mein GPS Ger\u00e4t.<\/p>\n","protected":false},"author":1,"featured_media":0,"parent":0,"menu_order":0,"comment_status":"open","ping_status":"open","template":"","meta":{"jetpack_post_was_ever_published":false,"footnotes":""},"aioseo_notices":[],"jetpack_sharing_enabled":true,"jetpack_shortlink":"https:\/\/wp.me\/P7fL4A-hc","jetpack-related-posts":[],"_links":{"self":[{"href":"http:\/\/www.mein-camino.de\/index.php?rest_route=\/wp\/v2\/pages\/1066"}],"collection":[{"href":"http:\/\/www.mein-camino.de\/index.php?rest_route=\/wp\/v2\/pages"}],"about":[{"href":"http:\/\/www.mein-camino.de\/index.php?rest_route=\/wp\/v2\/types\/page"}],"author":[{"embeddable":true,"href":"http:\/\/www.mein-camino.de\/index.php?rest_route=\/wp\/v2\/users\/1"}],"replies":[{"embeddable":true,"href":"http:\/\/www.mein-camino.de\/index.php?rest_route=%2Fwp%2Fv2%2Fcomments&post=1066"}],"version-history":[{"count":7,"href":"http:\/\/www.mein-camino.de\/index.php?rest_route=\/wp\/v2\/pages\/1066\/revisions"}],"predecessor-version":[{"id":1205,"href":"http:\/\/www.mein-camino.de\/index.php?rest_route=\/wp\/v2\/pages\/1066\/revisions\/1205"}],"wp:attachment":[{"href":"http:\/\/www.mein-camino.de\/index.php?rest_route=%2Fwp%2Fv2%2Fmedia&parent=1066"}],"curies":[{"name":"wp","href":"https:\/\/api.w.org\/{rel}","templated":true}]}}

<p>So, ich bin zurück und habe viele Sachen an meiner Ausrüstung überprüft und gemerkt das ich mit meiner Ausrüstung gut zurecht komme. Das einzige Problem was ich hatte war mein GPS Gerät. <!--more-->Das wollte meine Speicherkarte nicht mehr erkennen und daher konnte ich keine Wegaufzeichnung hochladen. Das hole ich jetzt nach. Die Bilder könnt ihr euch <a href="https://photos.app.goo.gl/P4rQz7ka8fyTXoEQ9" target="_blank" rel="noopener">hier</a> ansehen. Fazit: Der Weg auf der Südseite ist schöner, die Wege sind schmaler und idyllischer. Auf der Nordseite sind viele breit ausgebaut, so wie freigegeben zum Befahren mit Fahrrädern und Forstwirtschaftlichen Geräten.</p>
<p><a href="http://www.gpsies.com/map.do?fileId=puqwzousfosrveft" target="_blank" rel="noopener"><img loading="lazy" decoding="async" data-attachment-id="1067" data-permalink="http://www.mein-camino.de/?attachment_id=1067" data-orig-file="http://www.mein-camino.de/wp-content/uploads/2016/05/Bild1.jpg" data-orig-size="1349,642" data-comments-opened="1" data-image-meta="{&quot;aperture&quot;:&quot;0&quot;,&quot;credit&quot;:&quot;&quot;,&quot;camera&quot;:&quot;&quot;,&quot;caption&quot;:&quot;&quot;,&quot;created_timestamp&quot;:&quot;0&quot;,&quot;copyright&quot;:&quot;&quot;,&quot;focal_length&quot;:&quot;0&quot;,&quot;iso&quot;:&quot;0&quot;,&quot;shutter_speed&quot;:&quot;0&quot;,&quot;title&quot;:&quot;&quot;,&quot;orientation&quot;:&quot;0&quot;}" data-image-title="Bild1" data-image-description="" data-image-caption="" data-medium-file="http://www.mein-camino.de/wp-content/uploads/2016/05/Bild1-300x143.jpg" data-large-file="http://www.mein-camino.de/wp-content/uploads/2016/05/Bild1-1024x487.jpg" class="aligncenter wp-image-1067 size-medium" src="http://mein-camino.de/wp-content/uploads/2016/05/Bild1-300x143.jpg" alt="Bild1" width="300" height="143" srcset="http://www.mein-camino.de/wp-content/uploads/2016/05/Bild1-300x143.jpg 300w, http://www.mein-camino.de/wp-content/uploads/2016/05/Bild1-768x365.jpg 768w, http://www.mein-camino.de/wp-content/uploads/2016/05/Bild1-1024x487.jpg 1024w, http://www.mein-camino.de/wp-content/uploads/2016/05/Bild1.jpg 1349w" sizes="(max-width: 300px) 100vw, 300px" /></a></p>
<p><a href="http://www.gpsies.com/map.do?fileId=blwpbggivgbofngh" target="_blank" rel="noopener"><img loading="lazy" decoding="async" data-attachment-id="1068" data-permalink="http://www.mein-camino.de/?attachment_id=1068" data-orig-file="http://www.mein-camino.de/wp-content/uploads/2016/05/Bild2.jpg" data-orig-size="1350,641" data-comments-opened="1" data-image-meta="{&quot;aperture&quot;:&quot;0&quot;,&quot;credit&quot;:&quot;&quot;,&quot;camera&quot;:&quot;&quot;,&quot;caption&quot;:&quot;&quot;,&quot;created_timestamp&quot;:&quot;0&quot;,&quot;copyright&quot;:&quot;&quot;,&quot;focal_length&quot;:&quot;0&quot;,&quot;iso&quot;:&quot;0&quot;,&quot;shutter_speed&quot;:&quot;0&quot;,&quot;title&quot;:&quot;&quot;,&quot;orientation&quot;:&quot;0&quot;}" data-image-title="Bild2" data-image-description="" data-image-caption="" data-medium-file="http://www.mein-camino.de/wp-content/uploads/2016/05/Bild2-300x142.jpg" data-large-file="http://www.mein-camino.de/wp-content/uploads/2016/05/Bild2-1024x486.jpg" class="aligncenter wp-image-1068 size-medium" src="http://mein-camino.de/wp-content/uploads/2016/05/Bild2-300x142.jpg" alt="Bild2" width="300" height="142" srcset="http://www.mein-camino.de/wp-content/uploads/2016/05/Bild2-300x142.jpg 300w, http://www.mein-camino.de/wp-content/uploads/2016/05/Bild2-768x365.jpg 768w, http://www.mein-camino.de/wp-content/uploads/2016/05/Bild2-1024x486.jpg 1024w, http://www.mein-camino.de/wp-content/uploads/2016/05/Bild2.jpg 1350w" sizes="(max-width: 300px) 100vw, 300px" /></a></p>
<p>&nbsp;</p>
<p>&nbsp;</p>

<p>So, ich bin zurück und habe viele Sachen an meiner Ausrüstung überprüft und gemerkt das ich mit meiner Ausrüstung gut zurecht komme. Das einzige Problem was ich hatte war mein GPS Gerät.</p>
